e factors of y.
11, 43
Let s = -597 + 289. Let x = s + 456. Suppose -x*r = -152*r + 1020. List the prime factors of r.
3, 5, 17
Suppose -77*b = -81*b - 32. Let n(h) = h**3 + 10*h**2 + 9*h + 17. Let o be n(b). Suppose 4*x - o - 350 = 3*j, 4*j = 4*x - 420. What are the prime factors of x?
2, 3
Let w(a) = -47*a + 262. Let m be w(6). What are the prime factors of 45/(-75) + (-11552)/m?
577
Let b = 45 - 32. Let i(u) = -2*u + 30. Let c be i(b). Suppose 2*y + c*q = 116, 5*y - 234 = -q + 20. What are the prime factors of y?
2, 5
Let p(u) = 220*u + 1727. What are the prime factors of p(124)?
3, 11, 293
List the prime factors of (2 - 3)/((-28258128)/(-1345626) + -21).
3, 24919
Let o = -11 - -29. Let k(z) = -3*z + 56. Let f be k(o). Suppose 4*y - 246 = -f*s, 6*y + 66 = 7*y + 5*s. List the prime factors of y.
61
Let y be 1*(14/2 - 0). Let i be y/3*(16 - 7). Suppose i = 3*w - 3*s, w + 5*s - 26 - 5 = 0. What are the prime factors of w?
11
Let t(f) = 2*f + 9. Let u be t(-3). Suppose k - 3726 = -5*s, s + u*k - 456 - 278 = 0. Suppose 8*o - 4*o + 3*h - s = 0, 5*h = 10. List the prime factors of o.
5, 37
Let y = 11925 + 11876. What are the prime factors of y?
23801
List the prime factors of (-7)/(-56)*104/13*11338.
2, 5669
Let g(p) = 76*p**3 + 20*p**2 - 46*p + 46. What are the prime factors of g(6)?
2, 79, 107
Suppose 4*h - 13523 = -5*l, -58*l - 16873 = -5*h - 54*l. Suppose 5*k - h = -32*d + 31*d, -3386 = -5*k + 2*d. What are the prime factors of k?
2, 13
Let o(z) = 16*z**3 - 16*z**2 - z. List the prime factors of o(8).
2, 5, 179
Let j = 523 - 510. Let i = 131 + j. What are the prime factors of i?
2, 3
Let m(i) = -i**2 - 10*i + 11. Let o be m(-11). Suppose o = 6*k + 63 - 705. Suppose -s - b = 2*b - 67, -s + k = -5*b. List the prime factors of s.
2, 41
Suppose 55 = 3*v - f, -112 = -4*v - 2*f - 22. Suppose 0 = 5*w - 4*p - 594, w - v = 5*p + 103. List the prime factors of w.
2, 59
Let q = -5692 - -5734. What are the prime factors of q?
2, 3, 7
Suppose 859*m - 51800 = 880*m - 796418. List the prime factors of m.
2, 17729
Let y(z) = -249*z - 6. Let q(b) = -250*b - 7. Let g(d) = -2*q(d) + 3*y(d). List the prime factors of g(-1).
3
Let d(c) = 18*c + 129. Suppose 5*x + 2*m - 52 = 56, 107 = 5*x + 3*m. List the prime factors of d(x).
3, 5, 7
Suppose 5*h - 1585 = -j, -4765 = -5*j + h + 3108. Suppose -31*i + 36*i = -j. Let o = -224 - i. List the prime factors of o.
7, 13
Suppose -r + 44*x - 45*x + 20 = 0, -2*r + 34 = -x. What are the prime factors of r?
2, 3
Suppose -2*k = 5*l + k + 1299, -3*l + 4*k = 791. Let u = l - -818. What are the prime factors of u?
557
Suppose -38*v - 45*v + 489683 + 266115 = 0. List the prime factors of v.
2, 29, 157
Suppose 58*h + 4809 = u + 63*h, -4*h = -3*u + 14427. List the prime factors of u.
3, 7, 229
Let r = -6812 + 14054. List the prime factors of r.
2, 3, 17, 71
Let k be 801*(-6 - 34/(-6)). Let s = k + 1062. List the prime factors of s.
3, 5, 53
Let j be 247 + -14 + 2*2. Let u = -138 + j. Suppose 4*y + u = 363. List the prime factors of y.
2, 3, 11
Suppose 29*b - 3*u + 241266 = 36*b, 5*u + 34510 = b. List the prime factors of b.
2, 3, 5, 383
Let u(x) = -12*x**3 - 19*x**2 - 77*x - 331. List the prime factors of u(-14).
61, 491
Let p = 11072 - 7510. What are the prime factors of p?
2, 13, 137
Let o(q) be the second derivative of q**4/4 + 19*q**3/6 - 4*q**2 + 30*q. Let f be o(-8). Let u = f - -114. What are the prime factors of u?
2, 73
Let d(i) = 2194*i + 658. What are the prime factors of d(4)?
2, 53, 89
Let k be (-14 - -2)/(-3) + 3. Suppose -k*r = -629 - 190. What are the prime factors of r?
3, 13
Let t = 14 - -6. Let m be (-698)/22 - 351/1287. Let n = t - m. List the prime factors of n.
2, 13
Let s be 2 + 30/20*(-1 - -13). Suppose -5*t = s, 0 = -3*x + 7*x - t - 4500. List the prime factors of x.
2, 281
Suppose d = 3*r + 600, 0 = -9*d + 12*d + r - 1840. What are the prime factors of 72/d - (-25190)/34?
3, 13, 19
Let k be 3807/(-108) - 1/(-4). What are the prime factors of (-1)/(-1) - k/(-7) - -429?
5, 17
Let o = 25438 + -20360. List the prime factors of o.
2, 2539
Suppose 0*r = r. Let n be (r - 12)*74/(-8) + -3. Let a = n + -50. List the prime factors of a.
2, 29
Let y(o) = -6*o - 42. Let t be y(-7). Suppose r - 2*z + z + 3 = t, 6 = 4*r + 5*z. Let v(m) = -147*m - 3. List the prime factors of v(r).
2, 3
Let p(b) = b**2 - 17*b + 40. Let i be p(10). What are the prime factors of i/4*(-51084)/430?
3, 11
Let i = -6187 + 12632. What are the prime factors of i?
5, 1289
Let x = -82 + 49. Let c = 33 + x. Suppose -4*z + 9*z - 520 = c. What are the prime factors of z?
2, 13
Suppose -1801037 = 6*w - 150*w - 391997. List the prime factors of w.
5, 19, 103
Suppose -83*h - 432733 + 3807513 = 0. List the prime factors of h.
2, 5, 19, 107
Suppose 12*y - 87 = -15. Suppose -y*u - 113 = -3*i - 8*u, 2*i = 3*u + 58. List the prime factors of i.
5, 7
Let d = -1997 - -3770. What are the prime factors of d?
3, 197
Let s be 19 + -7*(-5)/(-5). Suppose s*u + 2*u = 2408. List the prime factors of u.
2, 43
Let f(i) = -2*i**2 - 16*i + 46. Let h be f(5). Let v = 186 + h. List the prime factors of (-44)/154 - v/(-14).
7
Suppose 88*c + 61*c = 352 - 54. Let k(o) = -o. Let g be k(-4). Suppose 0 = -t + c*i + 29 - 8, g*t - 4*i = 72. What are the prime factors of t?
3, 5
Let i be 2 + 18/(-4) + (-24)/(-16). List the prime factors of -12*(126/8 - 1)*i.
3, 59
Let w(a) = -a**2 - 9*a - 18. Let s be w(-5). What are the prime factors of s/(-5) - (3 + (-6510)/25)?
257
Let m(w) = -w**3 + 21*w**2 - 32*w - 15. List the prime factors of m(-15).
3, 5, 571
Let b(r) = -6*r**3 + 8*r**2 - 19*r + 32. Let k(j) = -7*j**3 + 7*j**2 - 17*j + 33. Let a(m) = -6*b(m) + 5*k(m). List the prime factors of a(16).
5, 241
Let y(q) = q + 8. Let m be y(-6). Let i = 404 + -402. Suppose 3*d + 143 = i*h, 5*h - 465 + 79 = -m*d. What are the prime factors of h?
2, 19
Suppose 47*l = 45*l - 3*q - 68, 3*q = -l - 31. Let s(b) = 5*b**2 - 2*b - 1. Let t be s(-4). Let k = t + l. What are the prime factors of k?
2, 5
Let p = 19 - 19. Let h(r) = -r**3 - 2*r**2 + 2*r + 169. Let y be h(p). Let s = -6 + y. List the prime factors of s.
163
Let p = -7065 - -9989. What are the prime factors of p?
2, 17, 43
Suppose -v + 74 = 73. Let o(n) = 67*n**2 + 9*n - 9. List the prime factors of o(v).
67
Let f = 13986 - 4321. List the prime factors of f.
5, 1933
Suppose 0 = n + 7*n - 6752. Let c = n - 473. List the prime factors of c.
7, 53
Let f = 21523 - 12380. What are the prime factors of f?
41, 223
Let z = -297 - -366. Suppose -76*o + z*o = -4270. List the prime factors of o.
2, 5, 61
Let b = -26906 - -54812. List the prime factors of b.
2, 3, 4651
List the prime factors of (-5314)/(-3)*(42/(-8))/(138/(-276)).
7, 2657
Suppose -x = 2*x - 1032. Suppose -2*z + 33 = 1. Suppose -x = -4*i + z. List the prime factors of i.
2, 3, 5
Let p(n) be the first derivative of -n**4/4 - n**3 + 4*n + 16. Let o be p(-3). Suppose -2*s - 4*z + 176 = 0, 2*s - 176 = o*z + z. List the prime factors of s.
2, 11
Let y = 43415 - 24257. What are the prime factors of y?
2, 3, 31, 103
Suppose -2*j + 4*c = -7192, 5*j + 6386 = 4*c + 24336. What are the prime factors of j?
2, 11, 163
Let j(x) = 7*x**2 - x + 4. Let c(w) = w + 17. Let a be c(-14). Let k be j(a). Suppose 3*t = -0 - 6, -k = -m + 3*t. What are the prime factors of m?
2, 29
Let f(z) = z + 2*z + 5*z + 1 - 17. Let g be f(8). Suppose -3*p = -4*p - 2*v + g, 204 = 5*p + v. List the prime factors of p.
2, 5
Let f(y) = -3*y**3 + 2*y**2 + y + 1. Let a be f(2). Suppose -3*k - 190 = -5*l + 2*k, 2*l + 5*k - 111 = 0. Let m = l + a. What are the prime factors of m?
2, 3, 5
Let s = -120 - -138. Let i(w) = -2*w + 16. Let n be i(s). What are the prime factors of (-6624)/(-30) + (-4)/n?
13, 17
Suppose 4*t + 15618 = r, 3*t + 1893 + 29343 = 2*r. List the prime factors of r.
2, 3, 19, 137
Suppose -21*b - 8032 = -17*b. List the prime factors of b/(-6) + 17/51.
5, 67
Let g(d) = -d**3 - 3*d**2 + 11*d - 1. Let c be g(-5). Let t(b) = b**2 + 9*b + 16. Let s be t(c). Let o(m) = -11*m. What are the prime factors of o(s)?
2, 11
Suppose -6*d + 27 = -5*d. Let s = -3 + d. What are the prime factors of s?
2, 3
Let s be (-7)/(28/12) + 67*13. Suppose -11*v - 142 = -s. What are the prime factors of v?
2, 3, 11
Let w(r) = -39*r**3 - 8*r**2 + 